 4*k**2 - s*k**2 - 2*k**2 - 2*k**2 + 2*k + k**3. What is g(3)?
6
Suppose -3*g - h = -0*h - 15, -4*h = g - 16. Suppose -3*y + 2 + g = 0. Let v(u) = 4*u - 2. What is v(y)?
6
Let z be (-3)/(-18) - (-17)/6. Let r(o) = o**z - 5 + 0*o**3 + 2 - 3*o. Let m(f) = -f**3 + 3*f**2 + 5*f - 6. Let j be m(4). Give r(j).
-5
Let o(i) = i**2 - 6*i - 5. Let p(x) = x**2 - x - 5. Let l be p(-3). What is o(l)?
2
Let h(x) = -2*x - 6. Let q be h(-5). Suppose -s = q*s - 30. Let w(c) = c**2 - 9*c + 7. Calculate w(s).
-11
Let w(u) = 9 - 15 + u**2 + 5. Suppose 0 = 3*z - p, -3*p = 5*z + p. What is w(z)?
-1
Let o(j) = 3*j + 4. Let z(h) = -h + 8. Let x(t) = -2. Let c(w) = 9*x(w) + 2*z(w). Let k be c(-2). Let p be (2 - (-8)/(-1)) + k. Calculate o(p).
-8
Let h(p) be the first derivative of p**3/3 + 2*p**2 + 3*p + 10. Calculate h(-3).
0
Let k(l) = l + 3. Let d(j) = 2*j + 7. Let r be 4/(-5)*(-5)/(-2). Let o(h) = r*d(h) + 5*k(h). Suppose -3*q - v - 4*v = -6, -2*q + 4 = -3*v. Give o(q).
3
Let u(m) = 0 + 1 - 2*m**2 - m + 4*m - 3*m**3. Let v be 112/10 + 5/(-25). Let f(l) = -16*l**3 - 10*l**2 + 15*l + 4. Let g(z) = v*u(z) - 2*f(z). What is g(-2)?
-3
Suppose 3*l - 8*l - 3*y = -15, -2*y - 6 = -2*l. Let d(h) = -5*h + 4 + 2*h + 2*h - h. Calculate d(l).
-2
Suppose -24 = -0*m - 2*m. Suppose 0 = 3*h + h + m. Let j(b) = -b**2 - 1. What is j(h)?
-10
Let s(p) = -6*p**2 - 2*p + 1. Let x be 0 + 2 - (-2 - -3). Let o be -2 + x - 0 - -2. Determine s(o).
-7
Let s(v) = 3*v + 3. Let x(p) = 2*p + 2. Let g(w) = 3*s(w) - 5*x(w). Let r = -4 + 0. Calculate g(r).
3
Let a(i) = -i**3 + 7*i**2 - 6*i - 7. Suppose 0 = 3*r + 2*r - 15. Let s be (-2)/r + 60/9. Give a(s).
-7
Suppose 10 = -2*t + 4*t. Suppose 0 = 2*g - t*g. Let s(o) be the third derivative of -o**4/24 - 3*o**3/2 + 2*o**2. Give s(g).
-9
Let v(u) = -13*u + 14*u - 1 + 1. Give v(-3).
-3
Let a(p) be the second derivative of p**3/6 - 5*p**2/2 + p. Suppose -g + 4*g - 14 = -2*m, 0 = -2*g - 5*m + 13. What is a(g)?
-1
Suppose 0 = f - 39 + 111. Let g be (-8)/(-28) - f/(-7). Let l be (12/10)/((-3)/g). Let v(j) = -j + 3. Calculate v(l).
-1
Let q(v) = 10*v**2 - 14*v. Let h(m) = -3*m**2 + 4*m. Let w(l) = -21*h(l) - 6*q(l). Give w(1).
3
Let b(a) = 3 + 0*a - 2*a + a. Let q(w) = 2*w - 4. Let n(y) = y**2 - 2*y + 1. Let u be n(3). Let g be q(u). Give b(g).
-1
Suppose 5*a - 3*q - 22 = 0, 0 = 2*q + 8 - 0. Let k(c) = c - 3*c**a - c**3 + c**2 - 4 + 7*c**2. Suppose 8*l = 5*l - 4*v + 19, -27 = -5*l - 2*v. Calculate k(l).
1
Suppose j + 4*z = -12, -j + 4*z = -11 - 9. Let i(h) = -j*h - h**2 + 3*h + 10*h**3 + 1 + 0*h**2. Calculate i(1).
9
Let b(x) be the second derivative of -x**5/20 - x**4/2 - 7*x**3/6 - x**2/2 - x. Suppose 2*u = 3*u - 11. Suppose 5*h = -14 - u. Give b(h).
9
Let m(i) = i**3 - 5*i**2 + 5*i - 2. Let f be m(4). Let j(o) = -f + 0*o**3 + o**3 - 4*o**2 + 5*o**2. Suppose 4*k - 6 = k. What is j(k)?
10
Let d(n) = -n. Let b = 1 - 5. Calculate d(b).
4
Suppose -2*u = -5*a - 32, 2*u - 7 = a + u. Let o(w) = 5*w + 7. Let m(k) = k. Let z(c) = -4*m(c) + o(c). Determine z(a).
1
Suppose -18 = 2*x + 8. Let o = x - -9. Let y be 1/2 - 6/o. Let p(b) = -2*b**2 + 2*b - 1. Determine p(y).
-5
Let g(j) be the third derivative of j**6/120 - j**5/10 - j**3/2 - j**2. Let m be ((-1)/(-3))/(2/36). Let k be -1 - (-1 + 0 - m). Determine g(k).
-3
Let o(c) = -c**3 - 6*c**2. Suppose -j - 2*t = 2*j - 18, 0 = j + 4*t - 16. Let d = -2 - j. Give o(d).
0
Let z(u) = -u**3 - 4*u**2 + 3*u - 6. Let v(a) = -a**3 + a**2 - a - 2. Let g be v(0). Let b = -7 - g. Give z(b).
4
Let r(b) = b + 4. Let k be r(-4). Let z(f) = -3 + 29*f - 29*f - f**2. Determine z(k).
-3
Let p = 6 + -1. Let h(a) be the second derivative of 2*a - 7/2*a**2 + 0 + 1/6*a**3. Calculate h(p).
-2
Let t(q) = q**2 + 4*q + 4. Let b(w) = w**3 - 8*w**2 - 9*w - 4. Let v be b(9). Let o be t(v). Let u(k) = o*k - 4*k - 6*k + 3*k. Determine u(-3).
9
Let d = 2 + -2. Let o(g) = -g - 2 + d + 1. Suppose -c = 3*b - 21, 3*c = b + 4 - 1. Calculate o(b).
-7
Let q(o) = -1 - 2*o + 3 - o + o**2. Let l(w) = -2*w - 3. Let n = -6 - -3. Let i be l(n). Calculate q(i).
2
Let r(g) = -g + 1. Let f(u) = -2*u + 13. Let s(j) = f(j) - 4*r(j). Calculate s(-7).
-5
Let y(f) = -f**3 - 2*f**2 - f - 8. Let z be y(-3). Let p(w) = -w**3 + 3*w**2 + 5. What is p(z)?
-11
Let t be 31/6 + 2/(-12). Suppose 2*o - t - 28 = -5*j, -4*j + 4 = -4*o. Suppose 0 = o*y - 2 + 18. Let i(d) = 3*d + 2. Determine i(y).
-10
Let i(l) be the third derivative of -l**5/60 - l**4/12 + l**3/3 + 8*l**2. Determine i(-3).
-1
Let v(l) be the first derivative of -l**3 - l**2/2 + 1. Suppose 10*f = 5*f. Suppose -5 = 5*g - f*g. Determine v(g).
-2
Let a(t) = 2 + 149*t - 155*t - 3. Determine a(1).
-7
Let d(b) be the second derivative of b**8/420 - b**6/720 - b**4/6 + 5*b. Let v(r) be the third derivative of d(r). Calculate v(-1).
-15
Suppose 3 = -5*q + 18. Suppose -q*h - 2*h = -5*g + 30, g - 1 = -4*h. Let i(z) = 7*z**2 + z. Calculate i(h).
6
Let p = 67/540 - 2/27. Let q(x) be the second derivative of -5/6*x**3 - 3*x**2 - x + 0 + 1/3*x**4 + p*x**5. What is q(-5)?
-6
Let g(p) = 12*p + 5. Let r(m) = -11*m - 4. Let j(l) = -5*g(l) - 6*r(l). Let w be 2/2 + 0/1. Give j(w).
5
Let v(k) = -k**2 + 5*k. Let p(i) = i**2 - 9*i + 1. Let g(u) = -3*p(u) - 5*v(u). Suppose 36 = 6*c - 3*c. Let s be (c - 10)/((-4)/6). Calculate g(s).
9
Let p(s) be the first derivative of -7*s**2/2 - 2*s + 2. Suppose o + 4*o = -10. Give p(o).
12
Let s(a) be the second derivative of -a**5/20 + a**3/2 - 3*a**2/2 + 3*a. Determine s(2).
-5
Suppose -3 = -3*r - 15. Let g(i) = 2*i**2 + 0*i - 3*i + 3 - 3*i**2. Determine g(r).
-1
Let r(t) = 218*t**3 + 214*t**3 + t - 433*t**3 + 4*t**2 - 1. Determine r(4).
3
Suppose 0 = -r + j, 5*r + 27 + 3 = -5*j. Let m(c) be the second derivative of -c**3/6 - 5*c**2/2 + 4*c. Calculate m(r).
-2
Let h(q) = q**3 + q**2 - q + 2. Suppose -42 = 16*s + 6. Determine h(s).
-13
Suppose -14 - 8 = z + 5*k, 3*z = 3*k + 24. Let b(u) = u - 4. Give b(z).
-1
Let x be 1 + 0 + 4 + -1. Let f(u) = 3*u + 3*u + 1 + 3 - u**2. Give f(x).
12
Let t(y) = -y + 2. Let k(r) = -r**2 - 8*r + 4. Let x be k(-8). Let o = 1 + x. Suppose h + 30 = -5*i - h, -4*h = -o*i. Determine t(i).
6
Let h(t) be the first derivative of -t**3/3 + 5*t**2/2 - 2*t - 2. Let q = -3 - -5. Let o = q + 2. Calculate h(o).
2
Let h be (-8)/12 + -3 + 8/3. Let i(f) = -2*f**3 - f - 1. Give i(h).
2
Let j be 3*5/((-45)/12). Let v(z) = 4*z + 1. Determine v(j).
-15
Let q = -5 - -10. Let a(v) = -3*v - 1. Let y(f) = -5*f. Let c(d) = 6*a(d) - 4*y(d). Determine c(q).
4
Let i(a) = -a**2 - 5*a - 3. Let p(d) = 4*d**2 + 20*d + 12. Let u(c) = -9*i(c) - 2*p(c). What is u(-4)?
-1
Let k(j) = j**3 - 2*j**2 + 3*j - 1. Let a(g) = -3*g + 2. Let o be a(0). Give k(o).
5
Suppose -4*u + 14 = 3*u. Let f(d) = d**3 - 2*d**2 - d - 1. Calculate f(u).
-3
Let q(y) = -y + 5. Let a(v) = 8*v + 2. Let d be a(-2). Let r be 2*d/(-4) + -1. Calculate q(r).
-1
Let l(a) = -a**3 - 6*a**2 + 3*a + 6. Let g be (2 - -16)/3*-1. Give l(g).
-12
Let d(c) = 2*c + 6. Let i(a) = -2 + 2*a - a + 2*a - a**3 - a. Let h be i(2). What is d(h)?
-6
Let s(f) = f**2 - 13*f - 18. Let d(j) = -4*j + 2. Let m be d(-3). Let x be s(m). Let t(p) = p + 4*p**2 + p**3 - p - 4. Calculate t(x).
-4
Let m(z) = -6*z - 1. Let s(d) = -d**3 - 5*d**2 - 5*d + 4. Let u be s(-3). What is m(u)?
-7
Let g(s) = -6*s + 2 + 4 - 4 + 4*s**3 + 7*s**2. Let n(y) = -9*y**3 - 15*y**2 + 13*y - 3. Let h(i) = -7*g(i) - 3*n(i). Let a = -18 + 13. Calculate h(a).
5
Suppose 18*a - 21*a - 12 = 0. Let u(g) = -g**2 - 6*g - 6. What is u(a)?
2
Let j(d) = 4*d**3 - d**2 - 7*d - 4. Let y(r) = -11*r**3 + 2*r**2 + 20*r + 12. Let m(x) = -8*j(x) - 3*y(x). What is m(-3)?
-1
Let b(c) be the first derivative of 3*c**2 + 6*c + 22. What is b(-4)?
-18
Suppose 0*k + 2*k + 5*s + 28 = 0, k = -s - 8. Let y(c) = 0*c**3 - c - 1 + c**2 + 0*c**2 - c**3 - 5*c**2. Give y(k).
3
Let w(o) = -1 + 3*o - o - 5*o + 3. Calculate w(-3).
11
Let r = -6 - -10. Suppose -g = -3*n + 5, -2 = 5*n + r*g + 1. Let f(m) = -m**2 - 1 - 4 - n + 5*m. Determine f(5).
-6
Let m(t) = 3*t - 6. Let i(a) = -5*a + 8. Let g(x) = 5*i(x) + 8*m(x). Calculate g(0).
-8
Let w(b) be the first derivative of 11*b**2/2 - b - 23. Determine w(1).
10
Let v(u) = 3*u**3 - u**2 + 2. Let f(i) = 13*i**3 - 5*i**2 + 7. Let c(n) = -2*f(n) + 9*v(n). Let j(l) = l**2 + l - 2. Let m be j